{"id":3436,"date":"2025-01-10T22:45:19","date_gmt":"2025-01-10T19:45:19","guid":{"rendered":"https:\/\/crodcoffee.com\/?post_type=product&#038;p=3436"},"modified":"2025-01-11T01:47:10","modified_gmt":"2025-01-10T22:47:10","slug":"baklava-cheesecake","status":"publish","type":"product","link":"https:\/\/www.crodcoffee.com\/?product=baklava-cheesecake","title":{"rendered":"Baklava Cheesecake"},"content":{"rendered":"<p>\u00c7\u0131t\u0131r baklava hamuru ve \u00f6zel f\u0131st\u0131kl\u0131 sosun zengin birle\u015fimi, cheesecake&#8217;in kremams\u0131 dokusunda harika bir denge olu\u015fturuyor; her \u0131s\u0131r\u0131kta geleneksel tatlar modern bir dokunu\u015fla bulu\u015fuyor!<\/p>\n","protected":false},"excerpt":{"rendered":"<p>\u00c7\u0131t\u0131r baklava hamuru ve \u00f6zel f\u0131st\u0131kl\u0131 sosun zengin birle\u015fimi, cheesecake&#8217;in kremams\u0131 dokusunda harika bir denge olu\u015fturuyor; her \u0131s\u0131r\u0131kta geleneksel tatlar modern bir dokunu\u015fla bulu\u015fuyor!<\/p>\n","protected":false},"featured_media":3566,"template":"","meta":[],"product_cat":[45],"product_tag":[],"class_list":{"0":"post-3436","1":"product","2":"type-product","3":"status-publish","4":"has-post-thumbnail","6":"product_cat-cheesecake","8":"first","9":"instock","10":"shipping-taxable","11":"purchasable","12":"product-type-simple"},"_links":{"self":[{"href":"https:\/\/www.crodcoffee.com\/index.php?rest_route=\/wp\/v2\/product\/3436","targetHints":{"allow":["GET"]}}],"collection":[{"href":"https:\/\/www.crodcoffee.com\/index.php?rest_route=\/wp\/v2\/product"}],"about":[{"href":"https:\/\/www.crodcoffee.com\/index.php?rest_route=\/wp\/v2\/types\/product"}],"wp:featuredmedia":[{"embeddable":true,"href":"https:\/\/www.crodcoffee.com\/index.php?rest_route=\/wp\/v2\/media\/3566"}],"wp:attachment":[{"href":"https:\/\/www.crodcoffee.com\/index.php?rest_route=%2Fwp%2Fv2%2Fmedia&parent=3436"}],"wp:term":[{"taxonomy":"product_cat","embeddable":true,"href":"https:\/\/www.crodcoffee.com\/index.php?rest_route=%2Fwp%2Fv2%2Fproduct_cat&post=3436"},{"taxonomy":"product_tag","embeddable":true,"href":"https:\/\/www.crodcoffee.com\/index.php?rest_route=%2Fwp%2Fv2%2Fproduct_tag&post=3436"}],"curies":[{"name":"wp","href":"https:\/\/api.w.org\/{rel}","templated":true}]}}