{"id":3438,"date":"2025-01-10T22:45:19","date_gmt":"2025-01-10T19:45:19","guid":{"rendered":"https:\/\/crodcoffee.com\/?post_type=product&#038;p=3438"},"modified":"2025-01-11T01:55:40","modified_gmt":"2025-01-10T22:55:40","slug":"lotus-cheesecake","status":"publish","type":"product","link":"https:\/\/www.crodcoffee.com\/?product=lotus-cheesecake","title":{"rendered":"Lotus Cheesecake"},"content":{"rendered":"<p>Lotus kremas\u0131 ve bisk\u00fcvisinin benzersiz uyumu, cheesecake&#8217;in yo\u011fun dokusunda hayat buluyor; her lokma, karamelize lezzetlerle dolup ta\u015fan bir deneyim sunuyor!<\/p>\n","protected":false},"excerpt":{"rendered":"<p>Lotus kremas\u0131 ve bisk\u00fcvisinin benzersiz uyumu, cheesecake&#8217;in yo\u011fun dokusunda hayat buluyor; her lokma, karamelize lezzetlerle dolup ta\u015fan bir deneyim sunuyor!<\/p>\n","protected":false},"featured_media":3572,"template":"","meta":[],"product_cat":[45],"product_tag":[],"class_list":{"0":"post-3438","1":"product","2":"type-product","3":"status-publish","4":"has-post-thumbnail","6":"product_cat-cheesecake","8":"first","9":"instock","10":"shipping-taxable","11":"purchasable","12":"product-type-simple"},"_links":{"self":[{"href":"https:\/\/www.crodcoffee.com\/index.php?rest_route=\/wp\/v2\/product\/3438","targetHints":{"allow":["GET"]}}],"collection":[{"href":"https:\/\/www.crodcoffee.com\/index.php?rest_route=\/wp\/v2\/product"}],"about":[{"href":"https:\/\/www.crodcoffee.com\/index.php?rest_route=\/wp\/v2\/types\/product"}],"wp:featuredmedia":[{"embeddable":true,"href":"https:\/\/www.crodcoffee.com\/index.php?rest_route=\/wp\/v2\/media\/3572"}],"wp:attachment":[{"href":"https:\/\/www.crodcoffee.com\/index.php?rest_route=%2Fwp%2Fv2%2Fmedia&parent=3438"}],"wp:term":[{"taxonomy":"product_cat","embeddable":true,"href":"https:\/\/www.crodcoffee.com\/index.php?rest_route=%2Fwp%2Fv2%2Fproduct_cat&post=3438"},{"taxonomy":"product_tag","embeddable":true,"href":"https:\/\/www.crodcoffee.com\/index.php?rest_route=%2Fwp%2Fv2%2Fproduct_tag&post=3438"}],"curies":[{"name":"wp","href":"https:\/\/api.w.org\/{rel}","templated":true}]}}